alculate the highest common divisor of 5598 and 118802.
622
What is the greatest common divisor of 6624 and 37356?
12
Calculate the greatest common factor of 560 and 381440.
80
What is the greatest common factor of 1359 and 225?
9
Calculate the greatest common factor of 4717030 and 10.
10
What is the highest common divisor of 335146 and 777?
259
Calculate the greatest common divisor of 3670 and 9010.
10
Calculate the highest common divisor of 1662 and 4979906.
554
Calculate the highest common factor of 301 and 4687.
43
Calculate the highest common divisor of 1024 and 2304.
256
Calculate the greatest common divisor of 2900 and 3683.
29
What is the greatest common factor of 8353 and 11?
1
What is the highest common factor of 2016992 and 32?
32
Calculate the highest common factor of 63728 and 2037.
7
Calculate the greatest common divisor of 68472 and 48.
24
What is the greatest common factor of 7595 and 9065?
245
Calculate the greatest common divisor of 106389 and 36.
9
What is the highest common factor of 78969 and 693?
33
Calculate the highest common factor of 584 and 108405.
73
What is the greatest common factor of 25821 and 171?
171
Calculate the highest common divisor of 128192 and 320.
64
What is the highest common divisor of 498 and 1182?
6
Calculate the highest common divisor of 21 and 189203.
7
Calculate the greatest common factor of 13 and 512551.
13
Calculate the highest common divisor of 124900 and 100.
100
What is the highest common factor of 272 and 69292?
68
What is the highest common factor of 288 and 88434?
18
Calculate the greatest common factor of 1756256 and 213.
71
What is the highest common divisor of 6 and 4872?
6
Calculate the greatest common factor of 36830 and 436880.
1270
What is the greatest common factor of 990 and 17919?
99
Calculate the greatest common divisor of 75 and 107130.
15
What is the greatest common factor of 229488 and 264?
24
Calculate the highest common factor of 7437 and 6030.
201
What is the highest common factor of 1206 and 6075?
9
Calculate the greatest common divisor of 320 and 4910.
10
Calculate the highest common divisor of 669210 and 20.
10
What is the greatest common divisor of 3116 and 13284?
164
Calculate the highest common divisor of 351 and 303966.
351
What is the highest common factor of 7591 and 3?
1
Calculate the highest common factor of 182 and 79807.
91
What is the greatest common divisor of 97 and 68870?
97
Calculate the highest common factor of 445 and 76985.
445
Calculate the greatest common factor of 327980 and 124.
124
Calculate the greatest common divisor of 60 and 100170.
30
Calculate the greatest common factor of 2667814 and 94.
94
What is the highest common divisor of 290 and 69040?
10
Calculate the greatest common divisor of 8 and 113558.
2
What is the highest common factor of 84 and 14588?
28
What is the highest common factor of 22356 and 3956?
92
What is the highest common factor of 22 and 200002?
22
What is the greatest common divisor of 1252491 and 393?
393
What is the greatest common factor of 2538 and 7668?
54
Calculate the highest common factor of 854 and 2620499.
427
What is the greatest common divisor of 128661 and 52?
13
What is the highest common factor of 53 and 1519033?
53
What is the greatest common divisor of 145 and 17081?
29
What is the highest common factor of 16113 and 129765?
123
Calculate the greatest common divisor of 18225 and 567.
81
Calculate the greatest common factor of 15933 and 1921.
113
Calculate the highest common factor of 72054 and 36.
18
Calculate the highest common divisor of 104 and 3928808.
104
Calculate the highest common factor of 411 and 92749.
137
Calculate the greatest common factor of 444 and 2057496.
444
Calculate the highest common divisor of 51 and 2261.
17
Calculate the greatest common factor of 3502 and 16274.
206
Calculate the greatest common divisor of 364 and 2800.
28
Calculate the highest common factor of 455 and 33180.
35
What is the highest common factor of 11569 and 15593?
503
Calculate the highest common factor of 176799 and 189.
21
Calculate the highest common divisor of 252 and 912.
12
Calculate the greatest common factor of 15512309 and 41.
41
What is the highest common divisor of 28 and 831201?
7
What is the greatest common factor of 78 and 5202?
6
What is the greatest common divisor of 5 and 10135?
5
What is the highest common factor of 272733 and 3?
3
What is the highest common divisor of 528 and 2616?
24
What is the greatest common factor of 132 and 16412?
44
What is the highest common factor of 37 and 221519?
37
What is the greatest common divisor of 638 and 4669?
29
What is the greatest common factor of 13231 and 3636?
101
Calculate the greatest common factor of 68569 and 718.
359
What is the highest common divisor of 1305 and 1335?
15
Calculate the greatest common factor of 1674 and 12090.
186
What is the highest common divisor of 12 and 4741584?
12
What is the highest common factor of 2079 and 143055?
99
Calculate the highest common factor of 22192 and 416.
16
Calculate the greatest common divisor of 18950 and 8400.
50
Calculate the greatest common divisor of 4554 and 24541.
253
What is the highest common factor of 28 and 33122?
2
Calculate the highest common factor of 28344 and 14568.
24
Calculate the highest common factor of 126149 and 303.
101
Calculate the highest common factor of 114931 and 1311.
437
Calculate the highest common divisor of 18801 and 591187.
2089
What is the highest common factor of 81 and 4235733?
81
Calculate the greatest common factor of 4914 and 4158.
378
Calculate the highest common divisor of 13622632 and 1319.
1319
What is the highest common factor of 7797 and 10373?
23
What is the highest common divisor of 657 and 10629?
9
Calculate the highest common divisor of 33325 and 31175.
1075
Calculate the highest common factor of 1024 and 1424.
16
What is the greatest common divisor of 102 and 307411?
17
What is the highest common factor of 5790 and 80?
10
What is the greatest common factor of 213550 and 100?
50
What is the greatest common factor of 209 and 146498?
11
Calculate the greatest common divisor of 52 and 6920524.
52
Calculate the greatest common divisor of 33024 and 258.
258
Calculate the highest common divisor of 3364 and 2958.
58
Calculate the highest common factor of 6057 and 5465433.
2019
What is the highest common divisor of 129420 and 6300?
180
What is the greatest common divisor of 32160 and 4800?
480
What is the greatest common factor of 88 and 86262?
22
What is the greatest common factor of 35 and 13840?
5
Calculate the greatest common factor of 128 and 15328.
32
Calculate the greatest common divisor of 156 and 17511.
39
What is the greatest common divisor of 157416 and 168?
168
Calculate the highest common divisor of 39038 and 1572.
262
Calculate the highest common divisor of 234 and 89388.
234
What is the greatest common factor of 3012 and 1511773?
251
Calculate the greatest common factor of 7 and 848.
1
What is the greatest common divisor of 6238 and 5?
1
Calculate the highest common factor of 437 and 160931.
23
Calculate the highest common factor of 34875 and 12.
3
Calculate the greatest common divisor of 1767 and 9405.
57
What is the greatest common factor of 84 and 133?
7
What is the highest common factor of 133661 and 209?
11
What is the greatest common factor of 35742 and 1998?
222
Calculate the greatest common factor of 4 and 42764.
4
What is the highest common divisor of 33426 and 612?
18
What is the highest common factor of 386676 and 4140?
828
Calculate the greatest common factor of 3667 and 6562.
193
Calculate the greatest common factor of 1003248 and 90.
18
What is the highest common factor of 410042 and 122?
122
Calculate the highest common divisor of 51146 and 4541.
239
Calculate the greatest common factor of 25513 and 3627.
31
Calculate the greatest common factor of 33584 and 9136.
16
Calculate the greatest common divisor of 1408 and 46112.
352
Calculate the greatest common divisor of 9417 and 66779.
43
What is the highest common factor of 230 and 5497?
23
Calculate the highest common factor of 98694 and 90.
18
What is the greatest common factor of 1377346 and 547?
547
What is the greatest common factor of 121476 and 636?
636
What is the greatest co